w. What is the tens digit of j?
5
Let q = 73 - -87. What is the hundreds digit of q?
1
Let j(x) = -x**3 - 7*x**2 + 8*x. Let v be j(-8). Suppose -4*a + 28 = 5*p, v = -3*a - 2*a - 5*p + 30. What is the units digit of a/5 + 26/10?
3
Suppose 4*r - 13 = h, 2*r = -4*h + 18 + 2. Let b(v) = -v + 3. Let s be b(h). Suppose -2*i + 4*i = 3*n - 24, s = -3*n - 4*i + 24. What is the units digit of n?
8
Let d(f) = 7*f - 5*f**3 + f**3 + f**3 + 2*f**3 + 5*f**2 + 7. What is the units digit of d(6)?
3
What is the tens digit of 4/(-7) + (-11848)/(-56)?
1
Suppose 2*c + 2*c = 12. What is the units digit of (c/2)/(9/12)?
2
Let u be (12/(-14))/3*-7. Let d(g) = 2 + 3*g + 0*g - 5*g + g**u. What is the tens digit of d(4)?
1
Suppose 0 = -3*k + 3*n - 60, 3*k + 4*n + 35 + 25 = 0. What is the units digit of k/(-6) + (-2)/(-3)?
4
Let y be 438/24 + (-3)/(-4). Let l be (-1*8)/((-2)/(-3)). Let b = y + l. What is the units digit of b?
7
Let r(x) = 3*x**3 + 3*x**2 + 2*x - 7. What is the tens digit of r(3)?
0
Suppose 4*n - 88 = -5*s + 44, -36 = -n - 2*s. What is the tens digit of n?
2
What is the tens digit of (((-504)/6)/4)/(1/(-3))?
6
Suppose 2*l + 2*l + 16 = 0. Let p(r) = -r**2 - 6*r - 5. What is the units digit of p(l)?
3
Let f = -107 + 235. What is the hundreds digit of f?
1
What is the units digit of (2/3)/(5/1065) - 4?
8
Suppose -12*o + 2327 = -361. What is the tens digit of o?
2
Let s be (9/12)/(1/4). Suppose -2 = -2*q + 6. Suppose s*t + 5 = q*t. What is the units digit of t?
5
Let j(m) = 9*m**2 + 2*m + 4. What is the units digit of j(2)?
4
What is the tens digit of (3 - 591)/(-3) + -3?
9
Suppose 0 = -o + 10 - 5. What is the units digit of o?
5
Let o(n) be the first derivative of 3*n**2/2 + 9*n + 2. Let b be o(-8). Let z = 21 + b. What is the units digit of z?
6
Suppose -2*n + 380 - 70 = 0. What is the tens digit of n?
5
Suppose -s = -0*s - 15. Suppose 0 = -3*y - s + 165. What is the units digit of y?
0
Let q be 2/5 + 3036/10. Suppose -5*j + q = 99. Suppose 5*d = -11 + j. What is the units digit of d?
6
What is the tens digit of (18/(-15))/((-3)/70)?
2
Let p = 8 - 6. Let c(a) = a**2. What is the units digit of c(p)?
4
Let c(w) = -w**2 + 7*w + 19. Suppose -4*n - 8 = -5*n. What is the units digit of c(n)?
1
Let r = 25 + -16. Suppose -5*d - r - 6 = 0. What is the tens digit of (-16)/d*(-6)/(-2)?
1
Let v(u) = -2*u + 6. What is the tens digit of v(-6)?
1
Let k(h) = -h**2 - 10*h - 6. Let i be k(-9). Suppose 3*x = 2*z + 4*x - 12, -18 = -i*z + 3*x. What is the units digit of z?
6
Suppose -3*k = 4*j - 2, 2*k - 1 = -2*j + 1. Let i be 63/k - (-4)/8. What is the units digit of i/18 - (-14)/63?
2
Let l = 60 + -31. Let b = -6 + -12. Let k = l + b. What is the tens digit of k?
1
Let x(f) = f - 2. Let z be x(5). Let u(c) = c**3 - c**2 - 2*c + 3. Let w be u(z). Suppose 4*j = j + w. What is the units digit of j?
5
Let k = 14 - -5. Suppose -g - 4 + k = 0. What is the tens digit of g?
1
Suppose -214 = -4*c - 2*a, -4*c + c = a - 158. Suppose -4*r - r + 72 = 3*x, -2*r = -3*x + c. What is the units digit of x?
9
Suppose -3*s + 14 = 5. Suppose 4*x = 3*x + s*z + 8, 1 = z. What is the tens digit of x?
1
Let c = -12 + 14. Let y(l) = 3*l**3 - l**2 + 3*l + 2. What is the tens digit of y(c)?
2
Let l = -3 - -9. Suppose 6 + l = 3*s. What is the units digit of s?
4
Let v(u) be the third derivative of -u**6/60 + u**5/30 + u**3/6 - 2*u**2. Let l be v(2). What is the units digit of (l - -1)/((-2)/3)?
9
Let s = 31 + 4. What is the tens digit of s?
3
Let v(x) = 10*x**2 - 4*x + 7. What is the hundreds digit of v(4)?
1
Let t be ((-93)/2)/(6/(-8)). Suppose 39 = w + 3*m, 5*w - 3*m - t = 205. What is the tens digit of w?
5
Suppose 3*f - 7 = 305. Suppose 5*c = -5*i + 90, i + f = 6*i - 2*c. What is the tens digit of i?
2
Let m be 3*1 + (-4)/(-2). Suppose m - 35 = -5*w. What is the units digit of w?
6
Suppose r - 8 = s + 4*s, 2*s + 14 = 4*r. Suppose -5*v - 2*b + 15 = 3*b, 2*b + 24 = r*v. Let i = v + -4. What is the units digit of i?
2
Let q(o) = -o**3 + o - 1. Let g be q(-2). Suppose -g*k + 15 = -15. What is the units digit of k?
6
Let k be 3/(6/20) - 0. Let y(i) = -i - 2*i + i - k. What is the units digit of y(-7)?
4
Let w = 18 + -11. Suppose -2*z + 13 = w. What is the units digit of z?
3
What is the units digit of 3*(-1 + (-160)/(-15))?
9
Suppose j + 6*d - 2*d = 53, 0 = 3*d - 9. What is the units digit of j?
1
Let f be 16/(-6) - (-1)/(-3). Let k(g) = 2*g**2 - 2*g - 4. Let z be k(f). What is the units digit of (-2)/(-4)*(z + 2)?
1
Let a be 26/(-117) - 760/(-18). Suppose 3*u - a = 2*i + 85, -3*i = -3*u + 132. What is the units digit of u?
9
Let c(o) = 5*o**2 - o - 4. Let l be c(3). What is the units digit of 1*(l - (0 - -2))?
6
Let k(v) = 2*v**3 - 8*v**2 - 4*v + 4. What is the tens digit of k(6)?
2
Suppose f = -3*f + 4. Suppose -3*o = -4*o - f. What is the units digit of (2 - 2) + o + 16?
5
Suppose -g + 12 = 4*p, 5*p + 4*g + g = 30. Suppose 4*n + 4*d = 3*n + 26, p*d = 4. What is the tens digit of n?
1
Suppose 4 = x - 0*x, 24 = -f + 3*x. Let t be -4*1/(-2) + f. Let y = t - -19. What is the units digit of y?
9
Let z(f) = -f + 2*f - f**2 + 0*f**2. Let t be z(0). What is the units digit of 2*(1/2 + t)?
1
Let x be ((-3)/2)/(2/(-4)). Let n = x - -1. Let m(s) = s**3 - 3*s**2 - 3*s + 2. What is the units digit of m(n)?
6
Suppose 3*m = -214 + 49. Let l = m + 93. What is the units digit of l?
8
What is the tens digit of 40 - (2 + (-3 - -2))?
3
Let i = -12 - -29. What is the tens digit of i?
1
Let k = -111 + 250. What is the units digit of k?
9
Let t = 0 - -29. What is the units digit of t?
9
Let g be (2 + 3/(-2))*0. Suppose 0 = 3*o - 6 - g. What is the units digit of 5/(-10) - (-3)/o?
1
Suppose -3*l + 5 = n, -7*n - 13 = l - 3*n. Suppose -132 = -l*s - 0*s. What is the tens digit of s?
4
Let g = 22 + -20. Let z = 3 - -2. Suppose 0 = b - z*u + 4, u = 4*b + g - 5. What is the units digit of b?
1
Suppose -5*t - 58 - 2 = 0. Let i be (8/(-3))/((-4)/t). Let l(s) = s**3 + 8*s**2 + s + 9. What is the units digit of l(i)?
1
Suppose 0 = -2*d - 3 + 7. What is the units digit of 27/3 - d/2?
8
Let x(j) = 4*j**3 - 4*j**2 + 0*j**3 - 6*j - 3*j**3 - 4. Let i be x(5). What is the units digit of i/6*1*-4?
6
Suppose -4*i - 8 = 0, 4*j - 3*i - 19 = 7. Let t(f) = 6*f + 1. Let h(k) = -7*k - 1. Let l(v) = 5*h(v) + 6*t(v). What is the units digit of l(j)?
6
Let x = 5 - -5. Let n = x - 2. Let d = 1 + n. What is the units digit of d?
9
What is the units digit of (-171)/(-6) - 9/6?
7
Suppose -248 + 36 = -2*b. What is the units digit of b?
6
Let y(p) = -4*p - 2. Let x(t) = t**2. Let l(j) = x(j) - y(j). What is the units digit of l(-5)?
7
Suppose 4 = i + 65. Let f = i + 97. Suppose f = -3*t + 7*t. What is the units digit of t?
9
Let j = 214 - 153. What is the units digit of j?
1
Suppose -2*h + 40 = 3*a + a, -2*h = 0. Suppose -c + 3*f + 10 = 2*f, -2*f = a. What is the units digit of c?
5
Let t be (-4)/(-12) - 70/(-6). What is the tens digit of 6/(-4) - (-210)/t?
1
Let n be 2*(-2)/(-4)*4. Suppose -2*v = -n*v + 42. Let c = v + -11. What is the units digit of c?
0
Let c(p) be the third derivative of -p**4/12 - p**3/3 - 4*p**2. What is the units digit of c(-2)?
2
Let w(m) = m**2 + 8*m - 25. What is the hundreds digit of w(11)?
1
Let i = -2 + 5. Let t = -69 - -76. Suppose k - 25 = 2*h, -2*h + 72 = i*k - t*h. What is the units digit of k?
9
Let d = -12 - 0. What is the units digit of (3/(-3))/(2/d)?
6
Suppose -5*s + 11 = -54. Suppose s = j - 5*i, -7*j + 153 = -2*j - 3*i. What is the tens digit of j?
3
Let i(c) = -2 + 5 + 0*c + 12*c + 2*c. Let d(q) = -29*q - 7. Let k(a) = -2*d(a) - 5*i(a). What is the tens digit of k(-1)?
1
Let j be (-1 - 1/(-1)) + 25. Suppose -5*p + 3*y = -9 - 16, 5*p - j = 5*y. Let b = p - -5. What is the tens digit of b?
1
Let j(g) = g + 71. What is the tens digit of j(0)?
7
Let f be 5 + (4 + -3)*-3. Suppose 0 = 3*j - f*o, 0 = 3*j - 3*o + 5*o. Suppose 4*c + 0*c - 4 = j. What is the units digit of c?
1
Let s(m) be the third derivative of m**6/120 + 7*m**5/60 + 7*m**4/24 + 7*m**3/6 - 2*m**2. Let u be (13 + -11)*3*-1. What is the units digit of s(u)?
1
Suppose 0 = s + s + 6. What is the units digit of (-18)/(s - -2 - 1)?
9
Let b = -8 - -13. Suppose 0 = -4*j - i - 36, 0 = b*j + 4*i - 6 + 62. Let n = 16 + j. What is the units digit of n?
8
Let f be 